 a factor of 11127689?
False
Is 99 a factor of 51785828?
False
Is 20346983 a multiple of 5?
False
Does 389 divide 78964581?
False
Is 3457428 a multiple of 12?
True
Does 5407 divide 259617105?
True
Is 75 a factor of 250937647?
False
Is 1582 a factor of 1915858952?
True
Is 320 a factor of 1857407734?
False
Is 2623009107 a multiple of 97?
True
Does 918 divide 12437064?
True
Is 10 a factor of 79135720?
True
Is 2080448544 a multiple of 32?
True
Does 52 divide 866693?
False
Is 9 a factor of 5343975?
True
Is 59 a factor of 32809460?
False
Does 120 divide 92333097?
False
Does 278 divide 276789257?
False
Is 2233 a factor of 16553229?
True
Does 172 divide 33662120?
True
Is 87281612 a multiple of 214?
True
Does 575 divide 815057494?
False
Is 1346680983 a multiple of 5?
False
Is 15504345 a multiple of 650?
False
Is 687324693 a multiple of 341?
False
Is 325 a factor of 101127527?
False
Is 2065 a factor of 78567479?
False
Is 6645891 a multiple of 6?
False
Is 15508699 a multiple of 778?
False
Is 169026456 a multiple of 570?
False
Is 7 a factor of 16751413?
True
Is 118049792 a multiple of 464?
False
Is 735236008 a multiple of 1055?
False
Does 9 divide 285861636?
True
Is 10 a factor of 108478791?
False
Is 47516729 a multiple of 82?
False
Is 9977 a factor of 5075396620?
False
Is 385 a factor of 1137908080?
False
Does 304 divide 1332585733?
False
Is 71 a factor of 127880301?
True
Does 1050 divide 31306800?
True
Is 685 a factor of 184064630?
False
Is 39 a factor of 1873829?
False
Is 217 a factor of 55476918?
True
Is 46 a factor of 156835804?
True
Does 11 divide 366034933?
True
Is 192018397 a multiple of 2021?
False
Does 539 divide 3395838523?
True
Is 590 a factor of 121898563?
False
Does 43 divide 1983138?
False
Does 18 divide 211402744?
False
Is 91901284 a multiple of 46?
True
Is 378 a factor of 67875948?
True
Is 631 a factor of 1176910177?
False
Does 128 divide 133833472?
True
Is 119990140 a multiple of 54?
False
Does 18 divide 126920232?
True
Does 74 divide 12517880?
False
Is 38469550 a multiple of 25?
True
Is 150362140 a multiple of 10?
True
Does 41 divide 35940436?
True
Is 277339426 a multiple of 13?
True
Is 116731647 a multiple of 9?
True
Is 385692120 a multiple of 792?
True
Is 906 a factor of 254166522?
True
Is 2852 a factor of 106380182?
False
Is 12 a factor of 283586904?
True
Does 4996 divide 443624816?
True
Is 1119368757 a multiple of 75?
False
Is 1874031236 a multiple of 83?
False
Is 12 a factor of 30859243?
False
Is 43 a factor of 386435969?
True
Is 11 a factor of 252248691?
False
Is 219 a factor of 135997467?
True
Is 83 a factor of 3009792895?
True
Is 801 a factor of 790194?
False
Is 584 a factor of 24344380?
False
Is 2300 a factor of 69641700?
True
Is 34 a factor of 479770005?
False
Is 4658188 a multiple of 293?
False
Does 198 divide 38065668?
False
Is 164096737 a multiple of 49?
True
Is 439 a factor of 7702752?
False
Does 16 divide 46773328?
True
Does 32 divide 2806798211?
False
Is 152097780 a multiple of 60?
True
Does 146 divide 1496665675?
False
Does 888 divide 455856859?
False
Is 31 a factor of 9479975?
False
Is 2284 a factor of 45734816?
True
Is 5902 a factor of 1151403474?
True
Is 7 a factor of 15682249?
False
Is 215141480 a multiple of 223?
True
Is 121904952 a multiple of 26?
True
Is 16030745 a multiple of 85?
True
Is 1097 a factor of 10090206?
True
Does 521 divide 4170605?
True
Does 9820 divide 274673269?
False
Is 79 a factor of 85938858?
False
Is 1277772 a multiple of 1398?
True
Is 1565 a factor of 15319785?
True
Does 3072 divide 1423113216?
True
Does 1100 divide 125019400?
True
Is 630397508 a multiple of 24?
False
Is 175 a factor of 122119570?
False
Does 7 divide 770444276?
True
Is 70470271 a multiple of 131?
True
Does 408 divide 180667064?
False
Is 4588 a factor of 2488320152?
True
Is 116 a factor of 47324404?
True
Does 58 divide 1118191396?
True
Is 314590220 a multiple of 190?
True
Does 1313 divide 186886541?
False
Is 23 a factor of 23208403?
True
Does 40 divide 204392213?
False
Is 17 a factor of 212135894?
True
Is 16421633 a multiple of 67?
True
Is 713 a factor of 6071908?
True
Is 36074464 a multiple of 969?
False
Is 711 a factor of 399848625?
True
Is 83 a factor of 149319425?
False
Is 92 a factor of 38420279?
False
Does 727 divide 1337548774?
False
Is 2558 a factor of 298316518?
True
Is 534350825 a multiple of 2477?
True
Is 36 a factor of 13565849?
False
Is 243459145 a multiple of 947?
False
Does 152 divide 21471211?
False
Is 41 a factor of 355414595?
False
Does 1362 divide 110421426?
True
Does 7 divide 133863793?
True
Is 4085654303 a multiple of 5377?
True
Is 985144348 a multiple of 1810?
False
Is 45 a factor of 52401538?
False
Is 4072265 a multiple of 1122?
False
Is 1702 a factor of 33269261?
False
Is 504643 a multiple of 264?
False
Is 23544954 a multiple of 9?
True
Does 184 divide 1213536193?
False
Does 15 divide 53294212?
False
Is 1464 a factor of 7147248?
True
Is 1230733400 a multiple of 200?
True
Is 191248131 a multiple of 12?
False
Is 6452 a factor of 1599228485?
False
Is 267 a factor of 714317649?
True
Does 2146 divide 192168701?
False
Does 31 divide 4412240476?
False
Is 466 a factor of 299385894?
True
Does 8316 divide 1244654321?
False
Does 311 divide 16775340?
True
Does 85 divide 592989834?
False
Is 3665090136 a multiple of 12?
True
Is 1486365066 a multiple of 41?
False
Does 553 divide 83478792?
False
Is 13 a factor of 1012851220?
False
Does 90 divide 7546952508?
False
Is 527 a factor of 49970586?
False
Does 49 divide 448749358?
False
Is 203002970 a multiple of 291?
False
Does 12 divide 634696860?
True
Is 1243 a factor of 53393065?
True
Is 106415538 a multiple of 308?
False
Is 48462962 a multiple of 1421?
False
Is 631498116 a multiple of 102?
True
Does 91 divide 100555182?
True
Is 12904601 a multiple of 2?
False
Is 8 a factor of 19215691?
False
Is 120996617 a multiple of 133?
True
Does 19 divide 9319336?
False
Is 2965 a factor of 15474044?
False
Does 2368 divide 776967764?
False
Does 6326 divide 1851139424?
True
Is 1592 a factor of 324594558?
False
Is 362 a factor of 34073612?
True
Does 20 divide 63124640?
True
Does 9 divide 952115799?
False
Does 7139 divide 1676665540?
True
Is 125 a factor of 150650586?
False
Does 168 divide 152002032?
True
Is 4393 a factor of 258260077?
True
Is 300206306 a multiple of 8?
False
Does 118 divide 177898680?
False
Is 835 a factor of 191748333?
False
Is 85 a factor of 33672835?
True
Is 2718936 a multiple of 10?
False
Does 300 divide 20570249?
False
Is 276 a factor of 364093944?
False
Is 3023314 a multiple of 77?
False
Is 69996624 a multiple of 149?
True
Does 90 divide 1290974220?
True
Is 55667959 a multiple of 2420?
False
Is 27060322 a multiple of 3821?
True
Is 985043752 a multiple of 14?
True
Is 363 a factor of 752339643?
True
Is 20 a factor of 30743620?
True
Does 4 divide 39302120?
True
Is 257 a factor of 319648633?
True
Is 199 a factor of 374300493?
True
Is 847 a factor of 57770063?
False
Does 1353 divide 143071256?
False
Is 637 a factor of 993791344?
True
Is 13 a factor of 42048747?
True
Does 37 divide 127824699?
False
Is 125925350 a multiple of 53?
True
Does 349 divide 224300206?
True
Does 1925 divide 1495268?
False
Is 96 a factor of 2403016?
False
Is 92 a factor of 861514139?
False
Is 3869863802 a multiple of 12854?
True
Does 546 divide 9237774?
True
Is 25 a factor of 1947994262?
False
Does 24 divide 223918056?
True
Is 1184844969 a multiple of 657?
True
Is 24 a factor of 270295578?
False
Does 6 divide 55852114?
False
Is 412515909 a multiple of 1837?
False
Is 61 a factor of 40430007?
True
Is 1605 a factor of 41176275?
True
Is 22 a factor of 5353225372?
True
Is 357637266 a multiple of 399?
True
Is 3247672729 a multiple of 837?
False
Is 15 a factor of 500882790?
True
Is 36 a factor of 96018120?
True
Does 33 divide 18056973?
True
Is 2082491 a multiple of 281?
True
Does 10 divide 268759441?
False
Is 511285536 a multiple of 24?
True
Is 225 a factor of 265181880?
False
Is 140138482 a multiple of 1851?
False
Is 5 a factor of 93908450?
True
Does 133 divide 4004819?
False
Is 44548011 a multiple of 9?
True
Is 1208522100 a multiple of 15?
True
Is 8 a factor of 4127400?
True
Is 82378868 a multiple of 20?
False
Is 19 a factor of 175970552?
True
Is 5 a factor of 35758950?
True
Is 1813622660 a multipl